*j**3 - 6 - w*j**2 + j + j**3 + 2. Suppose -5*f - 9 = 3*m, 5 = -f - 0*m + m. What is t(f)?
2
Let g(m) = 7*m - 1 - 1 - 5*m**2 + 6*m**2 - 2*m**2. What is g(5)?
8
Let s be (-21)/(-14)*(-4)/(-3). Let o(c) = -c. Let k(b) = 2*b + 1. Let j(t) = s*k(t) + 3*o(t). Determine j(-5).
-3
Let z(d) = 49*d - 3*d**2 + 3*d**3 + d**2 - 52*d + 2. Calculate z(2).
12
Let q(c) = 6*c - 6. Let r(a) = -a + 1. Let h(y) = -q(y) - 5*r(y). Let s be 6/(-5)*20/(-6). What is h(s)?
-3
Let z(f) = 0 - 2*f**2 - 3*f - 5*f**3 - 5*f**2 + 2. Let v(d) = -6*d**3 - 8*d**2 - 4*d + 2. Let y(s) = -4*v(s) + 5*z(s). Give y(-3).
-1
Let b(z) = -z**2 + 2*z**2 - 2*z**2 + 1 - 5*z. Let u(w) = -w**3 + 5*w**2 + 6*w - 5. Let y be u(6). Calculate b(y).
1
Suppose 0 = 3*l + l + 12, -z = -l - 2. Let v be z*(-1 - (1 + 1)). Let r(m) be the third derivative of m**5/60 - m**4/8 - 2*m**3/3 - 2*m**2. Give r(v).
-4
Let w(f) = f**2 - 2*f - 4. Let y(j) = -j**2 + 7*j + 7. Let u(m) = -m**2 - 7*m - 2. Let v be u(-5). Let r be y(v). Let c be 4*r*(-2)/2. Determine w(c).
4
Let m(y) be the third derivative of y**6/120 - y**5/15 - y**4/8 + y**3 + 5*y**2. What is m(4)?
-6
Suppose 0*k - 1 = k + 3*h, 0 = k - 3*h - 5. Let y(x) = -k*x - 6 + x + 5*x. Let b(v) = v - 1. Let o(j) = -5*b(j) + y(j). Determine o(4).
-5
Suppose 4*j + 4 + 8 = 0. Let d(q) = 3*q - 46 - 4*q + 41. Calculate d(j).
-2
Let s(o) be the third derivative of -o**4/12 + 2*o**3/3 - 9*o**2. What is s(-4)?
12
Suppose -28*i + 25 = -23*i. Let p(h) = -h**3 + 5*h**2 + h + 6. Determine p(i).
11
Let f(v) be the first derivative of -v**3/3 + 2*v - 3. Let m be f(0). Let u(b) = b**2 + 2*b - 2. Calculate u(m).
6
Let g(l) = -3*l. Let s(j) = -4*j + 5. Let m(n) = 3*g(n) - 2*s(n). Let i(o) = -2*o**2 - 5*o - 2. Let h be i(-3). What is m(h)?
-5
Let c(f) = -4*f - 5. Let u(m) = 13*m + 14. Let y(k) = -8*c(k) - 3*u(k). Determine y(-2).
12
Let r(d) = -d**3 - d**2 + d + 2. Let y(c) = 2*c**2 - 26*c. Let m be y(13). What is r(m)?
2
Let r(u) be the third derivative of u**6/120 + u**5/60 - u**4/12 - 14*u**2. Let n(z) = -z**2 - 9*z - 10. Let g be n(-8). What is r(g)?
0
Let r(f) be the third derivative of -11*f**4/24 + f**3/3 - 14*f**2. Calculate r(-2).
24
Let t(f) = f**2 + 5*f - 6. Let a be t(-6). Let o(r) be the second derivative of r**5/20 + r**4/12 + r**3/6 - r**2/2 + r. Calculate o(a).
-1
Let n(m) = -m**2 + m + 3. Suppose -4*x + 3 = -17. Let h = x - 2. Suppose -2*u = z - 11 + 2, -4*z + h*u = -3. What is n(z)?
-3
Let v(u) be the third derivative of -u**5/60 + u**4/6 + 5*u**3/6 + 5*u**2. Let z(t) = 2*t - 10. Let f be z(8). Determine v(f).
-7
Suppose 4*t + 34 = -2*a, -5*t - 3*a - 12 = 33. Let z(g) = -2*g - 8. Give z(t).
4
Let s(b) = -5*b**3 + b**2 + 5*b. Let a(r) = r**3 - r + 1. Let x(l) = -4*a(l) - s(l). What is x(0)?
-4
Let z(n) be the second derivative of -n**3/3 - n**2/2 + 10*n. Calculate z(-5).
9
Let j(n) = -n**3 + 5*n**2 - 7*n. Let y be j(3). Let r(i) = -i**3 - 4*i**2 + i + 2. Determine r(y).
-10
Suppose -z - 1 = -3. Let k(a) = a - 2. Let c be k(z). Let s(o) = o + 0 + o**3 + 0*o**3 - 4. Determine s(c).
-4
Let l(r) = r + 4. Let j be l(4). Let v be 44/j + (-2)/(-4). Let w(t) = -t + 1. Determine w(v).
-5
Let z(s) = -s**2 - 6*s + 4. Let j be z(-7). Let i be 1/(j - -2*1). Let t(c) = c - c + 2*c**2 - 1. Calculate t(i).
1
Let x(t) be the second derivative of t**4/6 - t**3/6 - 56*t. What is x(1)?
1
Let v(o) = -o**3 + 3*o**2 + 3*o - 4. Suppose 11 = -g + b - 3*b, 5 = -b. Let x = g - -2. Let l be (-16)/(-4) - (x + 0). Determine v(l).
5
Let s(n) = 4*n**2 + 6*n - 3. Let y(w) = -3*w**2 - 5*w + 3. Let k(p) = -4*s(p) - 5*y(p). What is k(-4)?
-23
Let n = -2 + 2. Let o(d) be the second derivative of d**4/12 + d**3/6 + 3*d**2/2 - 64*d. Calculate o(n).
3
Let c(i) be the first derivative of i**5/120 - i**3 - 2. Let h(f) be the third derivative of c(f). What is h(-2)?
-2
Let z(a) = a + 1. Let k = -7 - -6. Calculate z(k).
0
Let d(i) = -7*i**2 - i. Let p be (-5)/(-25) - 28/(-10). Suppose 0 = -4*x - p*g + 19, 2 = -2*x + 3*g - 11. What is d(x)?
-8
Let q(y) = -2*y**2 - 2*y - 1. Let a = -98 + 97. Give q(a).
-1
Let v = -8 - -2. Let d(p) = -p + 2. Give d(v).
8
Let w(h) = 13 + 6*h - 4*h**2 + 3*h**2 - 4. Let t be w(7). Let s(k) = -1 - 5*k + 0*k + 2*k - t*k**2. What is s(-2)?
-3
Let l(m) = m**3 - 6*m**2 - 2*m + 5. Let q(p) = 2*p**3 - 12*p**2 - 3*p + 9. Let w(u) = -7*l(u) + 3*q(u). Give w(6).
22
Let v(r) = r - 4. Suppose -x = -5*d - 28, -3*x + 5 = d + 1. Let z(w) = -3 - 2 - 2*w + 2 + x*w. Let m(l) = 5*v(l) - 6*z(l). Calculate m(-3).
1
Let g(h) = 3*h + 3. Let l be ((-12)/10)/((-6)/(-15)). Let a(f) = 2*f + 1. Let z(o) = l*g(o) + 5*a(o). Calculate z(2).
-2
Let t(h) = -h**3 - 5*h**2 + 5. Let u be t(-5). Let p = -4 + 9. Let g(b) = b**2 + 0*b**2 + u*b - p - b. Give g(-5).
0
Let h(i) = 1. Suppose 5*y - 2*y + 18 = 0. Let b(t) = t - 5. Let p(m) = y*h(m) - 2*b(m). Calculate p(4).
-4
Let b(z) = z**2 - z - 1. Let c(q) be the first derivative of 2*q**3 + 5*q**2/2 + 4*q + 6. Let f(u) = -5*b(u) + c(u). What is f(-6)?
-15
Suppose 2*p + 3*w + 2 = 4, -5*w - 2 = 2*p. Let m(r) = -r + 9 - 3 + r**3 - r + p*r + 4*r**2. Give m(-4).
-2
Let y(z) = -z**2 + 3*z + 6. Suppose -33*j + 37*j = 24. What is y(j)?
-12
Let k(b) be the third derivative of 0*b - 1/8*b**4 + 5/6*b**3 - 2*b**2 + 0. Suppose -4*y + 32 = -4*i, 4*y - 3*i - 8 = -7*i. What is k(y)?
-10
Let a(h) = h**3 - 2*h**2 + 3*h - 3. Let l be a(2). Let c = 7 - 4. Let n(u) = 2 - 3 + u + 3 - c. What is n(l)?
2
Let k(y) be the second derivative of y**3/6 + 4*y**2 - 15*y. Calculate k(0).
8
Let p(b) = -b**3 + 6*b**2 + 15*b + 1. Let h be p(8). Let j(g) = g**2 + 7*g + 6. Calculate j(h).
6
Let r(i) = -i**2 - 8*i - 3. Let k be r(-7). Let w(a) = -2*a + 1 + a**3 + k*a**2 - a**2 + 0*a**3. Let x = -8 + 4. Give w(x).
-7
Let w(v) = -v**2 - 2. Let h be 6/8 - (-117)/4. Suppose h = -4*s + 10. Let d = 8 + s. Determine w(d).
-11
Let p be (-1)/(1 + (-4)/3). Suppose 0 = i - 3*o - 8, -p*i + 4*o + 22 - 3 = 0. Let k(x) = -x**3 + 6*x**2 - 5*x + 4. Calculate k(i).
4
Let s = 1 + -1. Let u(l) = 0*l**3 + l**3 + s*l**3 - 9 + l**2 + l. Calculate u(0).
-9
Suppose 16*g = 4*g. Let m(b) = b**3 - b + 2. What is m(g)?
2
Let m(q) = -7*q - 6. Let w(s) = -2*s**2 - 2. Let y be w(-1). What is m(y)?
22
Let g(r) = -r + 6. Let j be g(-2). Let s(k) = -3*k + 11. Give s(j).
-13
Let n(k) = k**3 - 5*k**2 - 6*k - 7. Let q = -122 + 128. Determine n(q).
-7
Let i(h) = -5*h**2 - 24*h + 20. Let c(v) = -3*v**2 - 16*v + 13. Let l(j) = -8*c(j) + 5*i(j). Give l(7).
3
Let v(b) = -42 - 3*b**2 - b**3 + 39 - 5*b + b. Suppose 3 + 5 = -4*m. Give v(m).
1
Let o(t) = 6*t + 5*t - 12 - 5*t - 5*t. What is o(6)?
-6
Let q(d) = d + 2. Let o be q(2). Let x(u) = 4*u**3 - 2*u**2 + u + 1. Let c(j) = -3*j**3 + j**2 - 2*j. Let p(v) = 5*c(v) + 4*x(v). Give p(o).
-4
Let f(c) = c + 1. Let o(q) = -q**2 + 7*q + 5. Let d(z) = 3*f(z) - o(z). Give d(5).
3
Let b = 6 + -5. Let s(p) be the second derivative of p**3/3 - p**2/2 - 21*p. Calculate s(b).
1
Let m(n) = n**2 + 6*n - 3. Let d be 6*(-3)/(-9)*-1. Let x be 75/(-11) + d/11. What is m(x)?
4
Let m = -40 - -28. Let j = m + 9. Let b(n) = -3*n - 1. What is b(j)?
8
Let k(y) = -y**2. Let f(l) = -3*l**2 - 5*l + 5. Let x(q) = -f(q) + 4*k(q). Let h(m) = 2*m**2 - 10*m + 10. Let u(z) = -3*h(z) - 5*x(z). Determine u(4).
-1
Let j(v) = 5*v - 3*v + 0 - v - 2. Let x be (-20)/90 - (-52)/(-9). Give j(x).
-8
Let u be (6/4)/(21/(-56)). Let t(m) = m**3 + 4*m**2 - 2*m - 1. What is t(u)?
7
Let u be 2*(-3 + (-36)/(-8)). Let p(n) = -1 + 3*n**2 + 3*n**2 + u*n - 86*n**3 + 87*n**3. What is p(-5)?
9
Let x(l) = -2*l**2 + l - 1. Let k be -3 + -4 + 13 + -4. Determine x(k).
-7
Let c be 4/(-6) + 14/(-6). Suppose 4*g + t = 17, -5*g = -4*g + 5*t - 9. Let k be 1*g + 1 + c. Let m(j) = -j**3 + 2*j**2 - 3*j. Give m(k).
-6
Let b(d) = -d**3 + 2*d**2 + 5*d - 3. Let v be b(3). Suppose -3*q + 9 + 1 = 4*o, -2*q + o = -3. Let m(c) = c**2 + 0*c**q - 7*c + 3 - 1. Determine m(v).
-10
Suppose -47*q = -42*q. Let y(s) = s + 4. Calculate y(q).
4
Suppose -5*v = -3*n - 0*v - 10, 5*v = -4*n + 45. Let z(u) = u**3 - 5*u**2 - u. What is z(n)?
-5
Let z be (21/28)/(2/(-40)). Let b be (6/(-15))/((-3)/z). Let o(r) = 6*r + 3. Give o(b).
-9
Let o(u) = u - 1. Let v(b) = -6*b + 8. Let t(l) = 2*o(l) + v(l). Suppose 0 = 3*z + 1 + 2. Let h(s) = -s. Let y(j) = z*t(j) + 5*h(j). Give y(-3).
-3
Let g(u)